42 = -j. List the prime factors of h.
3, 17, 23
List the prime factors of 7 - (2162/8)/((-6)/48).
3, 241
Suppose -3*n = a - 1869, -1851 = 3*n - 6*n + 5*a. Suppose -14*f - 146 = -n. What are the prime factors of f?
2, 17
Let u be (-7)/(-1 - 0)*3. Suppose 3*a - 4*l = 4*a + 40, -2*a - 70 = 3*l. Let x = u - a. List the prime factors of x.
53
Let i(z) = 26*z - 21*z - 16*z - 20 - 23 - 5*z**2. Let d(o) = 3*o**2 + 5*o + 21. Let j(k) = 7*d(k) + 4*i(k). List the prime factors of j(14).
3, 5
Let y = -46 + 58. Suppose 0 = o + y - 16. Suppose 0 = -o*n + 116 + 184. List the prime factors of n.
3, 5
Suppose 4*p - 20 = 0, 2*b + 3*p - 6369 = -b. List the prime factors of b.
2, 3, 353
Let f(r) = 71*r + 1437. What are the prime factors of f(-6)?
3, 337
Suppose 77*k + 4*z = 81*k - 38932, 0 = 3*k - 2*z - 29194. What are the prime factors of k?
2, 19
Let h(t) = t**2 + 6*t + 1. Let n(p) = -p. Let l be n(6). Let d be h(l). Suppose 5*s + i = 25, s = -5*i + d + 4. List the prime factors of s.
5
Let b = -15776 + 16183. What are the prime factors of b?
11, 37
Let x(z) = 734*z + 15046. List the prime factors of x(74).
2, 79, 439
Let l(z) = z**2 - 3*z - 2. Let d be l(-1). Let r = 0 - -213. List the prime factors of ((-72)/(-54))/(d/r).
2, 71
Let z(n) be the third derivative of 25/8*n**4 + 0*n + 1/6*n**3 + 0 - 9*n**2. List the prime factors of z(1).
2, 19
Let v = 17701 - 9950. What are the prime factors of v?
23, 337
Let u(c) = c**3 - 31*c**2 + 70*c - 348. What are the prime factors of u(47)?
2, 3, 709
Let y = -114 - -127. Suppose 4*o - y*o + 6390 = 0. What are the prime factors of o?
2, 5, 71
Suppose 0 = 2*s - 4, -2*w + w + s = 1200. Let a = -123 - w. List the prime factors of a.
5, 43
Let g = 52 + 265. Suppose -4*j + 2*i = -282, 4*j + 0*j = -5*i + g. What are the prime factors of j?
73
Let j(z) = -z**3 - 1. Let c be j(-1). Suppose c = -11*m + 15*m. Suppose -p + m*p = -19. What are the prime factors of p?
19
Let l(m) = -16*m**3 + 20*m**2 - 24*m - 12. What are the prime factors of l(-11)?
2, 7, 107
Let k be 0 + -70*(-213)/2. Let i be k/18 + ((-11)/(-6))/(-11). Suppose q - 6*q = -3*b + 446, 3*b = -3*q + i. List the prime factors of b.
2, 71
Let s(g) = 3*g - 5. Let q be s(4). Let u be (-40)/(-2)*220/40. Let p = q + u. List the prime factors of p.
3, 13
Let h be (0/(-2))/(-5 - (3 + -6)). Suppose h = 3*k - 5*k + 8. Suppose 0 = k*y - 1471 + 315. What are the prime factors of y?
17
Let b(o) = -2139*o + 1129. What are the prime factors of b(-9)?
2, 5, 1019
Suppose 0 = -0*q - 5*q + 25. Suppose -m = -0*m - 2*d - 139, 0 = q*d + 5. Suppose -5*g = -0*g - 3*r - m, -3*g + r + 79 = 0. List the prime factors of g.
5
Let z(q) = -455*q**2 - 1. Let h(b) = 1366*b**2 + b + 3. Let a(o) = -2*h(o) - 7*z(o). List the prime factors of a(1).
2, 113
Let y(i) = -i**2 + 14*i - 2. Let j be (329/21 + -7)*(0 + 3). Let s = j + -20. What are the prime factors of y(s)?
2, 23
Suppose 18*z = 11*z. Let x be ((-2)/(z - 2))/((-2)/(-8)). Suppose -4*a + 862 = -2*i, a = 6*a - x*i - 1085. What are the prime factors of a?
3, 71
Let i(s) = -s**3 + 9*s**2 - 13*s + 58. Let k be i(6). Let n = 69 + k. What are the prime factors of n?
157
Let z = -161 + -36. Let g = z + 263. What are the prime factors of g?
2, 3, 11
Let v be (-2)/(24/51)*(-80)/5. Suppose -v - 295 = -3*w. Suppose -123 = -4*t + w. What are the prime factors of t?
61
What are the prime factors of (-20)/190*-19*53211/6?
17737
Let w = 324 + -768. Let a be w/(-3)*(20/(-8) - -3). Let i = 36 + a. What are the prime factors of i?
2, 5, 11
Let q be (-2 - 18/(-4))*(-30)/(-25). Suppose 881 - 3014 = -q*c. List the prime factors of c.
3, 79
Suppose -95*f + 100*f = 2535. Suppose 4*i = 5*i - f. List the prime factors of i.
3, 13
Let c(y) = 3*y**2 - 3*y - 15. Let i(p) = 2*p**2 - 2*p - 7. Let a(n) = -3*c(n) + 7*i(n). What are the prime factors of a(5)?
2, 3
Suppose 4*v - 23 = 693. Suppose 13*h - 12*h - v = 0. List the prime factors of h.
179
Let j = 184 + 125. Let i = 789 - j. List the prime factors of i.
2, 3, 5
Let b(n) = 22*n**2 + 5*n. Let i be b(-2). List the prime factors of (3 + 0)*12064/i.
2, 29
Suppose 8*c - 26 - 14 = 0. Suppose 2*n - c*d - 1473 = 0, 4*n + 0*n - 3*d - 2911 = 0. Suppose 0 = -4*u - 168 + n. List the prime factors of u.
139
Let y = -12 - 6. Let r be (-189)/y*(-2)/3. List the prime factors of (10/4)/(r/(-238)).
5, 17
What are the prime factors of (5 + -17 + 14)*2503?
2, 2503
Let r(y) = y**2 + 5*y - 3. Let v be r(-6). Let l be -396*(-5)/9*v. Suppose l = 7*q + 44. What are the prime factors of q?
2, 11
Let i(n) = 61*n**2 + 30*n + 109. Let m be i(-3). Let j = m + -216. List the prime factors of j.
2, 11
Let k = -1092 - -200. List the prime factors of (2/8*-6)/(3/k).
2, 223
Suppose -30*z + 29*z + 4*q + 417 = 0, 5*q + 819 = 2*z. Let u = -171 + z. List the prime factors of u.
2, 113
Let n be (2 + -5 - -2)*-3 - 1. Let t(h) = 69*h + 4. Let k be t(n). Suppose 4*c = 198 + k. List the prime factors of c.
5, 17
Let t be (587 - (-7 - -2)) + 7. Suppose 0 = z - 5*p - t, -p = 7*z - 9*z + 1234. What are the prime factors of z?
619
Let n be (-10)/(-45) + (-8)/36. Let x(t) = -3*t**2 + n*t**2 + 7*t**2 + 2*t - 2*t**2 + 3*t**3 - 1. What are the prime factors of x(3)?
2, 13
Let a be -1 + 10 - (-13 - -9). Let n be a - 14 - (1 - 3125 - -1). List the prime factors of n/12 - 2/(20 - 8).
2, 5, 13
Let r = -71 - -3133. Suppose -2*g = 4*z - 2350, -2*g + r = -5*z + 739. What are the prime factors of g?
7, 167
Suppose -8764 = -2*y + 9*y. Let i = 1932 + y. Suppose 3*c = -x + 144, -2*c - i = -5*x - 7*c. List the prime factors of x.
2, 3, 11
Let v be ((-399)/(-76))/(3*(-1)/(-1092)). List the prime factors of (v/(-12))/(20/(-80)).
7, 13
Suppose 310*q = 323*q - 11141. What are the prime factors of q?
857
Let r = -15 + 20. Suppose -r = -j - 2*w + 6, 5*j - 2*w = 7. Suppose -2*b = j*b - 200. What are the prime factors of b?
2, 5
Let w = -101 - -96. Let i be 6 - (8/(-20) - (-13)/w). Suppose 0 = i*c - 891 - 342. List the prime factors of c.
137
What are the prime factors of (1/(-2))/(17198/(-128940) + (-6)/(-45))?
5, 7, 307
Suppose -36*k - 15*k - 979441 = -2581759. What are the prime factors of k?
2, 23, 683
Suppose 5*k + 2*f - 335525 = 0, -67122 = 27*k - 28*k + 3*f. List the prime factors of k.
3, 22369
Suppose 39*x - 336136 = -3*x + 91340. What are the prime factors of x?
2, 7, 727
Let h(s) = -39*s + 71 - s**2 - 8*s + 65 - 15. What are the prime factors of h(-42)?
331
Let v(m) = -53*m**3 + 2*m**2 - 101*m - 529. What are the prime factors of v(-6)?
11597
Let f(s) = -27*s**3 - 2*s - 2. Let u be f(-1). Let v be 6810/u + 7/(63/(-2)). Suppose -2*c + c = -2*k - 53, v = 5*c + 3*k. What are the prime factors of c?
3, 17
Let t = -30 + 31. Let g(n) = 7*n**2 - 4*n + 2. Let m be g(t). Suppose -m*f + 220 = -4*f + 4*u, -5*f + 1028 = 2*u. List the prime factors of f.
2, 3, 17
Let c = 35 + -1. Let s(o) = 27*o - 46. What are the prime factors of s(c)?
2, 109
Let o = -13852 - -45176. What are the prime factors of o?
2, 41, 191
Let y(o) = -o**3 - 32*o**2 + 65*o + 82. Let p be (28/14)/(-2*4/136). List the prime factors of y(p).
2, 23
Suppose 8 = -2*v + 4*g, 3*v - 5*v - 4*g + 16 = 0. Let r(s) = -15*s**2 + 4*s - 4. Let q be r(v). Let b = 110 + q. What are the prime factors of b?
2, 3
Suppose 0 = 10*n - 7*n - g - 78097, -5*n = -4*g - 130157. What are the prime factors of n?
7, 3719
Let w(h) = -2*h**2 - 27*h - 8. Let k be w(-13). Suppose -27 = -k*b + 233. List the prime factors of b.
2, 13
Let w = 9 - 16. List the prime factors of (2 - (-799 - 5)) + w.
17, 47
Let b = 17766 - 7780. List the prime factors of b.
2, 4993
What are the prime factors of (-38616)/(-5) - (3486/105 + -32)?
2, 3, 11, 13
Suppose 8*r = 12*r - 12. List the prime factors of 3 + r - (-3 - -2).
7
What are the prime factors of 2*12*(-253976)/(-636)?
2, 599
Let b = -138 + -958. Let s = -344 - -349. List the prime factors of 11/((-44)/b) - s.
269
Let t(r) = -r**2 + 21*r - 99. Let a be t(7). List the prime factors of (42/(-7))/(a/181).
2, 3, 181
What are the prime factors of ((-3292)/(-10))/(76/5320)?
2, 7, 823
Let g(o) = 327*o**2 - 6*o + 2. Let n be g(1). Suppose 4*p + 3*k - n - 725 = 0, -4*p + 5*k + 1016 = 0. What are the prime factors of p?
7, 37
Let q = -17 + 19. Let j(b) = 0 + 3*b**3 - q*b**3 - 2*b**3 - 2 - 14*b - 12*b**2. List the prime factors 